 -9?
-9b98b7
In base 7, what is 33636 + -563440?
-526501
In base 2, what is 101011 + 11001000111100101110?
11001000111101011001
In base 4, what is 203010202 + -322?
203003220
In base 15, what is -11321 + -337?
-11658
In base 2, what is 1001 + -1110110011000110000001?
-1110110011000101111000
In base 15, what is -4d5ca1 + -69?
-4d5d1a
In base 14, what is 273 + 46b7c?
47011
In base 13, what is -5686 - -2427?
-325c
In base 6, what is -15 - 4552143?
-4552202
In base 14, what is -36bb30 + -2?
-36bb32
In base 8, what is -4314133 - 22?
-4314155
In base 9, what is 1221451 + 13?
1221464
In base 6, what is 1155020232 - -2?
1155020234
In base 2, what is -1 + -1000001110000000110000010101?
-1000001110000000110000010110
In base 10, what is 10887 + 380?
11267
In base 11, what is -113a6 + -128?
-11523
In base 15, what is 56449 - 9a?
5639e
In base 4, what is 121131 + 102001000?
102122131
In base 2, what is -1000111010110100100010 + 100?
-1000111010110100011110
In base 12, what is 13214560 - -1?
13214561
In base 9, what is -4 - -1267011?
1267006
In base 14, what is -12a2 - -1056d?
d2ab
In base 12, what is 5 - -9a294b?
9a2954
In base 15, what is 3 - -69a19e?
69a1a2
In base 16, what is 0 + 13445be?
13445be
In base 7, what is -12 - -20323400?
20323355
In base 8, what is -2 - -107355676?
107355674
In base 14, what is 57a + 2089?
2625
In base 8, what is -143 - 3703454?
-3703617
In base 8, what is 130222431 + 10?
130222441
In base 7, what is -233 - 1540532?
-1541065
In base 14, what is 13 - 3a63?
-3a50
In base 8, what is 3 - -175017415?
175017420
In base 12, what is -3 + 36215b?
362158
In base 8, what is -1102 - 10133000?
-10134102
In base 16, what is 3 + 3fa245?
3fa248
In base 12, what is 320a08 + 4?
320a10
In base 9, what is 472253571 - 2?
472253568
In base 8, what is 4 + -1644004?
-1644000
In base 3, what is -11212202001111 + 11?
-11212202001100
In base 10, what is 534730 - -205?
534935
In base 12, what is -678b - 2709?
-9298
In base 14, what is -4b22 - 139?
-4c5b
In base 3, what is -1000020 - -1122210202?
1121210112
In base 3, what is -2020112 - 100?
-2020212
In base 14, what is -2 + 34a7a1?
34a79d
In base 6, what is -411425 - -2221?
-405204
In base 9, what is -1660 - -5331?
3561
In base 9, what is -28336583 - -15?
-28336567
In base 12, what is 31 - b6369?
-b6338
In base 2, what is -1100010101 - 10010010100011?
-10011110111000
In base 10, what is 6 + -78406037?
-78406031
In base 12, what is 22ab969 + -7?
22ab962
In base 10, what is 388557 - 23?
388534
In base 2, what is -10010001011011010 - 10010000?
-10010001101101010
In base 6, what is 3002 - 40323?
-33321
In base 2, what is -10011101011110100001000110 - 1100?
-10011101011110100001010010
In base 7, what is -2661 + -304156?
-310150
In base 7, what is 10126164 + -11?
10126153
In base 9, what is 410 + -10864?
-10454
In base 11, what is 1 + -4094812?
-4094811
In base 7, what is 152 - 1105264?
-1105112
In base 16, what is 47bb + 9e?
4859
In base 2, what is 1010010011001 - -10110110011?
1101001001100
In base 7, what is 164 - 34615?
-34421
In base 4, what is -330100011 - 0?
-330100011
In base 9, what is -3520 - 536312?
-540832
In base 15, what is 16645 + 15d4?
17c29
In base 3, what is -2012110221201 - -1?
-2012110221200
In base 11, what is -17 - 1164a07?
-1164a23
In base 2, what is -1001 + 1111111000111101101000000?
1111111000111101100110111
In base 10, what is -1148246 + -24?
-1148270
In base 10, what is -3369348 - -2?
-3369346
In base 8, what is -2673 - -23003?
20110
In base 10, what is 3 - 1381391?
-1381388
In base 13, what is -3 - 4152ba?
-4152c0
In base 11, what is -784590a7 + 2?
-784590a5
In base 13, what is -28708 + 136?
-285a2
In base 6, what is 3332 + 10143?
13515
In base 16, what is 0 - 9bcc0?
-9bcc0
In base 11, what is 205 + -1088a18?
-1088813
In base 12, what is -5 - -1322423?
132241a
In base 12, what is -3438bb94 + 1?
-3438bb93
In base 8, what is 5156 - -10147?
15325
In base 8, what is -6337141 + 6?
-6337133
In base 4, what is -323332213330 + 2?
-323332213322
In base 6, what is -3154544204 - -14?
-3154544150
In base 7, what is 10146552254 - 0?
10146552254
In base 14, what is -11 - 5096b2?
-5096c3
In base 3, what is -11 + 12101100200200012?
12101100200200001
In base 8, what is -5 + -75176344?
-75176351
In base 4, what is 10 + -1110302112?
-1110302102
In base 13, what is -21 + 563839?
563818
In base 12, what is a3a4732a - 2?
a3a47328
In base 5, what is 140341300 - 114?
140341131
In base 16, what is 9a31 - -30e?
9d3f
In base 8, what is 13115036624 + -3?
13115036621
In base 12, what is 72 - 36a71?
-369bb
In base 12, what is 9b34 - -2746?
1067a
In base 7, what is 33 - 146635130?
-146635064
In base 12, what is -1062a6a0 - 5?
-1062a6a5
In base 15, what is -1199767 + 3?
-1199764
In base 12, what is 8b - 16879?
-167aa
In base 2, what is 1101010 - -100110010001001111100?
100110010001011100110
In base 5, what is 23 + 3020031032?
3020031110
In base 4, what is 10312011 + -10032?
10301313
In base 14, what is 949300 - 6?
9492d8
In base 14, what is -3 + -7d6060?
-7d6063
In base 9, what is -1 - 3282602?
-3282603
In base 11, what is 1746 + -23851?
-22106
In base 7, what is 102 + -103210612?
-103210510
In base 8, what is -44717 - 1107?
-46026
In base 16, what is -23 - 6188a?
-618ad
In base 11, what is 19725 + -4749?
14a87
In base 2, what is 11000000010001110010111 + 1100?
11000000010001110100011
In base 11, what is -1 + 68566aa?
68566a9
In base 12, what is -5ab - 9096?
-9685
In base 5, what is -140 + 4232443?
4232303
In base 4, what is -233000223 + 11122?
-232323101
In base 3, what is 2120111101120 - 122?
2120111100221
In base 3, what is 111 - -2210210021?
2210210202
In base 15, what is 4 + 3c2556?
3c255a
In base 12, what is -21a9369 + 2?
-21a9367
In base 4, what is 13 + -13121322220?
-13121322201
In base 12, what is -28 - -3603a02?
3603996
In base 7, what is 613515 + -30?
613455
In base 16, what is 1c - 9e9a9?
-9e98d
In base 14, what is -72ad1abb - -3?
-72ad1ab8
In base 15, what is -4 + -2c3bac?
-2c3bb1
In base 12, what is -7 - 66b1a5?
-66b1b0
In base 11, what is 0 - 2290252?
-2290252
In base 9, what is -16776337 - -3?
-16776334
In base 16, what is 2626b4 + -64?
262650
In base 11, what is 55498 + -543?
54a55
In base 15, what is 4 + -eb31b9?
-eb31b5
In base 15, what is 93b - e4c5?
-da89
In base 3, what is 22001 + -220010120001?
-220010021000
In base 2, what is -1101 - 1001000111110110101?
-1001000111111000010
In base 6, what is -5 + 220515455?
220515450
In base 6, what is -105321001 - 12?
-105321013
In base 14, what is -5668 - -447?
-5221
In base 4, what is -23333 + -3221201?
-3311200
In base 4, what is 23 - -303221221210?
303221221233
In base 6, what is -5 - 430414235?
-430414244
In base 2, what is 1101100 + 1010011101001001?
1010011110110101
In base 8, what is -3 - -35513265?
35513262
In base 4, what is -110023 - -131133332?
131023303
In base 16, what is 4a + 4d87?
4dd1
In base 13, what is 2c2b68c + 3?
2c2b692
In base 14, what is 126b1541 + -3?
126b153c
In base 14, what is -961 + 1a035?
194b4
In base 3, what is -112220122 - -120220?
-112022202
In base 10, what is 7 + -7404440?
-7404433
In base 4, what is 2 + -132220321023?
-132220321021
In base 6, what is -23244102132 - 1?
-23244102133
In base 14, what is 6758 + 1c6?
6940
In base 3, what is 100000221202201121 + 1?
100000221202201122
In base 7, what is 244201 - 445?
243423
In base 8, what is -22707232 + -3?
-22707235
In base 5, what is 2 - 10412430?
-10412423
In base 15, what is -40961 - 57?
-409b8
In base 13, what is -14c + 275b6?
27467
In base 11, what is 870 - 18959?
-18099
In base 15, what is 1463ab6 - 5?
1463ab1
In base 8, what is 170 - 17250503?
-17250313
In base 12, what is -9773 - 2b77?
-1072a
In base 9, what is -3682 - -72173?
67381
In base 14, what is 78 - -a5c6?
a660
In base 7, what is 3 - -16416135?
16416141
In base 14, what is 42 + -1b57db?
-1b5799
In base 16, what is 9bd1d + 14?
9bd31
In base 13, what is 422 + 729a3?
730c5
In base 16, what is -2a7414 + -1?
-2a7415
In base 15, what is 4b - 1e338?
-1e2dc
In base 3, what is -1001110102 + -10111221?
-1011222100
In base 11, what is -164 - -29a47?
29893
In base 9, what is 210008 + 62?
210071
In base 2, what is 1111 - -101010011001100111000?
101010011001101000111
In base 5, what is -43 + 104444432?
104444334
In